) = 51*z - 2. What is the tens digit of o(j)?
4
Let v(l) = -l**3 + 9*l**2 - 15*l + 5. Let p be v(7). What is the units digit of 1/p*(-58 + -4)?
1
Let q(a) be the second derivative of 9/2*a**2 + 2/3*a**3 - 5*a + 0. What is the units digit of q(4)?
5
Let a(u) = -u**3 - 5*u**2 + 5*u - 2. Let h be a(-6). Let d be (-9 - -9)/(2*1). Suppose -4*f - 2*z + 38 = -f, d = -5*f + h*z + 100. What is the tens digit of f?
1
Let f(q) = -12*q - 1. Let a = 1 - 3. What is the tens digit of f(a)?
2
Let d = -980 + 1725. What is the tens digit of d?
4
Suppose -i - 4*i + z = -8496, 2*z = -5*i + 8493. What is the units digit of i?
9
Suppose o - 44 = -13. Suppose o + 9 = -2*d. What is the units digit of (3 - 1)*(-590)/d?
9
Suppose 147 = -5*x + 4*s, -5*x + s - 2*s = 157. Let a = -15 - x. Suppose 13*v - a*v + 153 = 0. What is the tens digit of v?
5
Let h = -520 + 1176. What is the hundreds digit of h?
6
Let g be ((-3)/2)/(3/(-10)). Let s(b) = -b - g + 2 + 5*b - 9. What is the units digit of s(4)?
4
Suppose 5560 = 13*l + 1829. What is the units digit of l?
7
Suppose -4*z + 5*w = 26, -6 = 5*z + 3*w + 8. What is the tens digit of 4 - (77 + z)/(-1)?
7
Let d(g) be the third derivative of -g**4/8 + 6*g**3 - 13*g**2. What is the tens digit of d(-16)?
8
Let w(q) = 23 + 26 - 19*q - 11. What is the tens digit of w(-6)?
5
Let r = 1 + -1. Suppose -2*y - 6 = y, r = c + 3*y + 1. Suppose c*h = 100 - 25. What is the tens digit of h?
1
Suppose 5*u - 2 = 8. Suppose u*z = -z + 57. Suppose 5 = g - 4*a, 1 = 5*a - z. What is the tens digit of g?
2
Suppose -750*o = -761*o + 6809. What is the hundreds digit of o?
6
Let f(a) = 4*a**2 + 2*a**3 - a**3 + a**2 - 6*a - 5. Suppose 2*n - 2*b + 0*b = -18, 12 = 3*b. What is the tens digit of f(n)?
2
Let d(f) = -92*f. Let v be d(-1). Suppose 0 = -b + 2*i + v + 15, 4*i = 4*b - 436. What is the units digit of b?
1
Let y(l) = -5*l**2 - 18*l - 3. Let o be y(-16). What is the tens digit of (-2)/(-8) - o/20?
5
Let b(z) = 68*z - 4. Let r be b(3). Let g = r - 88. Suppose 0 = 5*f - g + 37. What is the tens digit of f?
1
Let k(h) = 34*h + 9. Let n be k(8). Suppose -n = 2*c - j, 5*c + 0*c - j = -707. Let t = -90 - c. What is the units digit of t?
2
Let n(g) = 11*g + 2. Suppose 5*d - d + 8 = 0. Let a(c) = -45*c - 9. Let j(k) = d*a(k) - 9*n(k). What is the units digit of j(-2)?
8
What is the units digit of 7/(56/(-54))*(-32)/6?
6
Let g(t) = t**3 + 17*t**2 + 24*t - 31. Let j be g(-15). What is the tens digit of j + 2/(-2) + 2?
6
Suppose 3*q = 2 + 4. Suppose -24 = -2*f - q*f. What is the units digit of f?
6
Let q = -115 + 1332. What is the tens digit of q?
1
Let b be (-3)/7 - 870/(-21). Suppose 0 = -4*d - 3*q - b, -5*d - q - 52 - 13 = 0. Let l = d - -19. What is the units digit of l?
5
Let h(p) = p**3 + 22*p**2 - 3*p - 22. Let i(s) = -2*s**3 - 43*s**2 + 6*s + 43. Let n(t) = -7*h(t) - 4*i(t). What is the tens digit of n(-18)?
3
What is the units digit of -1 - 1*(-482 - 5)?
6
What is the hundreds digit of 262 - (-88)/154*7/2?
2
Suppose 2*t = 4*h - 12, -3 = -t + h - 5. Suppose 7*z = t*z + 120. What is the units digit of z?
4
Let o(s) = -6*s - 1. Let p(w) = -w**2 + 12*w + 3. Let l(y) = -5*o(y) - 2*p(y). Let x be l(-5). Let t = -13 + x. What is the units digit of t?
6
Let x be ((-6*20)/5)/1. Let a = 30 + x. What is the units digit of a?
6
What is the tens digit of 4/(-3) + 11469*8/72?
7
Let y be 60 - 0*(-3)/(-12). Suppose -4*a + y = -68. What is the tens digit of a?
3
Let c = -134 + 207. Suppose 0 = 2*a + 5*b - 40, -4*a - 4*b = c - 177. What is the units digit of a/4 - 5/(-10)?
8
Let g(x) = x**2 - 61*x - 31. What is the hundreds digit of g(-27)?
3
Let s(f) = 3*f - 17. Let l be s(11). Suppose 0 = 6*v - 3*v - 12. Let o = l - v. What is the units digit of o?
2
Let m(a) = 4*a**2 - 7*a + 4. Let z be 4 - (-2 + -3 + 4). What is the units digit of m(z)?
9
Let t = 353 - 349. Let i be ((-5)/(-2) + -1)*2. Suppose 5*p = 3*q + i*p - 52, -t = -p. What is the units digit of q?
0
Suppose 2*g = 26 + 32. Suppose -22 = r + 2*y, 5*r + 3*y - 38 + 120 = 0. Let k = r + g. What is the tens digit of k?
1
Suppose 36*n = 16*n + 5420. What is the tens digit of n?
7
Let y(u) = 3*u**2 - u - 2. Let a be y(-1). Suppose a*d = -5*m + 201, -192 = -2*d + 2*m - 4*m. What is the units digit of d?
3
What is the hundreds digit of ((-20)/6 + 2)*57300/(-200)?
3
Let y(i) = -84*i - 237. What is the tens digit of y(-7)?
5
Suppose -m = -325 + 6. What is the units digit of m?
9
Let c(m) = -m**3 - 10*m**2 - 4*m - 1. Let v be c(-10). Suppose -v - 139 = -2*y. What is the units digit of y?
9
Let u(w) = w**2 - 14*w + 6. Let q be u(14). What is the tens digit of (4/6)/(q/468)?
5
What is the hundreds digit of (-6)/(-10) + -1*(-25488)/20?
2
Suppose 3*s = -5*f - 0 - 3, -12 = 4*f. What is the units digit of s/12*1395/5?
3
Suppose 18*j - 41907 = 55941. What is the units digit of j?
6
Let y = 76 + 430. What is the units digit of y?
6
Suppose -4*c + 2548 + 5864 = 0. What is the units digit of c?
3
Let y(r) = -r**3 + 6*r**2 + 5*r - 2. Let x = 78 - 73. What is the tens digit of y(x)?
4
Let z be (-4)/(-26) + (-24)/(-13). Suppose 0*t - 3*t + 12 = -z*f, 2*t + 5*f = 8. Suppose -3*i + 0*i = l - 9, -t*l + 2*i = -50. What is the units digit of l?
2
Let w = -35 - -37. Suppose 0 = w*u - 233 + 57. What is the tens digit of u?
8
Let g(m) = m**3 - 11*m**2 - m + 11. Let h be g(11). Suppose h = 7*o - 2393 + 881. What is the tens digit of o?
1
Let q(u) = 7*u. Let f(a) = 2*a + 16. Let r be f(-5). What is the tens digit of q(r)?
4
Suppose 6*c - 5184 = -6*c. Suppose 8*l - 5*l - c = 0. What is the hundreds digit of l?
1
Let x = -21 - -27. Suppose x*s - 48 = 2*s. What is the units digit of s?
2
Suppose 3*j + 2*d - 5318 = 0, -5*d + 284 - 9139 = -5*j. What is the tens digit of j?
7
Suppose w + 40 = -1. What is the units digit of (-8 - -6)*w/2?
1
Let n(z) = z**2 + z. Let x be n(-3). Suppose -w - 40 = -x*w. What is the units digit of (-12)/w*48/(-9)?
8
Let k = -35 - -36. Let r be (9/((-45)/10))/k. What is the units digit of 1*r*377/(-26)?
9
Suppose 4*h = 5*k - 7, 5*h - 2*k = 6 - 36. What is the tens digit of 312/32*h/(-3)?
2
Let z = 910 + -832. What is the units digit of z?
8
Let m = 3977 - 1922. What is the thousands digit of m?
2
Let w = -4233 - -6218. What is the hundreds digit of w?
9
What is the tens digit of (-5 + 276/48)/(2/1216)?
5
Suppose 63 = 2*c + 5*j - 91, 5*c = -j + 431. Suppose 6*z - 3*x = z + c, -2*x - 83 = -5*z. What is the units digit of (12/z)/(4/140)?
8
What is the tens digit of (-50)/(-15)*7590/25?
1
Suppose 38*n - 32*n = 21240. What is the hundreds digit of n?
5
Let q(o) = 3*o**2 - 9*o - 16. Let y(z) = z**2 - 1. Let a(w) = -q(w) + 6*y(w). Let r be (-72)/15 - (-2)/(-10). What is the units digit of a(r)?
0
Let k(z) = 11*z**2 - 53*z - 47. What is the units digit of k(-15)?
3
Let v(d) = -d**2 + 11*d - 3. Suppose 12 = 2*c - 8. Let m be v(c). Suppose 3*i - m*i = -16. What is the units digit of i?
4
Let m be -2*(2 - 21/6). Suppose a + 20 = -a - 4*b, 5*a - m*b + 11 = 0. What is the units digit of (88/(-12))/(a/6)?
1
Suppose 79*k - 88*k = -4113. What is the units digit of k?
7
Let b be 143/(-22) - 2/(-4). What is the units digit of (-228)/b*(-1)/(-1)?
8
Let y(l) = -l**3 - 7*l**2 + 7*l - 2. Let a be y(-8). Suppose -4*r + f = -684, -a*f + 342 = 2*r - 3*f. What is the units digit of r?
1
Let b(f) = -2*f + 19. Let o be b(6). Suppose 124 = -o*n + 754. What is the tens digit of n?
9
Let z be ((-402)/(-8))/((-84)/(-448)). Suppose -2*b = -10*y + 5*y - 112, 4*b + y = z. What is the tens digit of b?
6
Suppose -1477 + 18977 = 28*n. What is the units digit of n?
5
Let k(b) = 2*b**3 - 7*b**2 + 2*b + 7. Let c(z) = -z**3 - z**2 + z. Let u(i) = -c(i) - k(i). Let p(w) = 4*w + 27. Let x be p(-5). What is the tens digit of u(x)?
2
Let d(n) = -n**3 + 6*n**2 - 5*n + 5. Let f be d(4). Let a be 34/f - (-1 + 1). Suppose a*g + 3*r = 118, r - 246 = -4*g - 0*g. What is the tens digit of g?
6
Let s = -90 + 46. Let v = -545 - s. What is the tens digit of v/(-33) + (-4)/22?
1
Let o(r) = r**3 + 9*r**2 + 9*r + 37. What is the units digit of o(-8)?
9
Let r(j) = j**3 + 12*j**2 - 16*j - 28. Let c be r(-13). What is the hundreds digit of 92*(275/20)/c?
1
Suppose 3*h + 0*r = 5*r - 1, -3*h + 11 = r. Let l = h - 18. Let d = 16 + l. What is the units digit of d?
1
Let o(q) = -522*q 